x. What are the prime factors of x?
3, 11
List the prime factors of 108/16 + (-1)/(-4).
7
Let a(f) = f**2 + 2*f - 29. List the prime factors of a(-15).
2, 83
Let b be 1 + 6*(-8)/6. Let o = b + 6. Let n = 5 - o. List the prime factors of n.
2, 3
Suppose -2*r - 11 = -g - 4*r, 0 = g + 3*r - 14. Let z = g - 3. Suppose -4 - 12 = -z*d. List the prime factors of d.
2
Suppose -5*a + 2 = 32. Let c be -3*2/a - -17. Let l = c - 11. What are the prime factors of l?
7
List the prime factors of 1/(-2)*-23*2.
23
Let n(d) = -8*d**2 + 6. Let w(u) = -9*u**2 + 7. Let k(g) = -6*n(g) + 5*w(g). Suppose 13 = -2*q - 2*r + 5, -2 = -q + r. What are the prime factors of k(q)?
2
Suppose -m - 30 = -6*m. Suppose s + m = 4*s. Suppose 5*c - 1 = 3*o, -s*o - 2*c - 4 = -7*c. What are the prime factors of o?
3
Let w(b) be the third derivative of -b**6/120 - b**5/60 + b**4/24 - 2*b**3/3 + b**2. What are the prime factors of w(-3)?
11
Let t(r) = r**3 + 5*r**2 + 4*r + 2. Suppose -3*d = -4*z + 25, 5*d - 3*d = 2*z - 14. Let c be t(d). Let o(u) = 2*u - 9. What are the prime factors of o(c)?
7
Let y(x) = -x**2 + 8*x. Let o be y(7). Let b = 5 - o. Let c = b - -20. What are the prime factors of c?
2, 3
Suppose -5*r + 1 + 134 = -5*d, -3*r - 5*d + 57 = 0. What are the prime factors of r?
2, 3
Let d = -10 - -12. Suppose -3*q + 14 = -4. Suppose -5*f + q = 4*v - 1, 5*f = d*v - 11. What are the prime factors of v?
3
Let i = -30 - -42. Suppose -i = 4*t, -25 = -3*j + 5*t + 17. What are the prime factors of j?
3
Let w(d) = -d**3 - 3*d**2 + 2*d + 3. Let b be w(-4). Let n be 2*(-1*2 + 1). Let r = n + b. List the prime factors of r.
3
Let g(n) = 33*n + 39. What are the prime factors of g(7)?
2, 3, 5
Suppose b + 2 = 2*b. Suppose b*t - 55 = -9. List the prime factors of t.
23
Let j(v) = v + 28. Let w be j(0). Suppose 17 = 2*a + 11. Suppose -a*u + w = -14. What are the prime factors of u?
2, 7
Suppose 0 = -7*z + 3*z + 320. Let f = z - 4. Suppose -5*j + f = 6. What are the prime factors of j?
2, 7
Let d(c) be the third derivative of c**5/60 + c**4/24 + c**3/6 + 5*c**2. What are the prime factors of d(5)?
31
Suppose 0 = 4*w + 4*j - 182 - 34, 3*w - 156 = -j. List the prime factors of w.
3, 17
Let n(a) = a**2 + a - 4. Let r be n(-3). Suppose -8 + 0 = -2*q. Let c = q - r. List the prime factors of c.
2
Let n = 115 + -82. What are the prime factors of n?
3, 11
Suppose 5*z = -5*x - 35, -3*x - 6 - 3 = 0. Let u = z + 4. Suppose u = -7*c + 2*c + 15. What are the prime factors of c?
3
Let r = 1 - 1. Suppose -3*x - 5*j + 5 = r, -2 = x + 5*j + 3. Suppose -p - x*s = 8, -2*s + 5 = p - 2. List the prime factors of p.
17
Suppose 3*p - 3*c - 15 = 0, 2*p = -3*p - 3*c + 25. Let r = -3 + p. What are the prime factors of r?
2
Let n(t) = 2*t - 3*t + 6 - t. Let u be n(7). Let q = u + 19. What are the prime factors of q?
11
Let c = 40 + 10. List the prime factors of c.
2, 5
Suppose -3*o + 59 = -5*i + 334, -o = -5*i + 275. List the prime factors of i.
5, 11
Let u(o) = -o**3 + 5*o**2 + 2*o + 1. Let b be u(4). Suppose 0*w = -w + 15. Let i = b - w. What are the prime factors of i?
2, 5
Suppose 8 = 4*z + 4. Let g(x) = -60*x**3 + x**2 - x. Let r be g(z). List the prime factors of 2/8 - r/16.
2
Let h = -5 - -7. Let d(i) = 2*i**h - 2*i + 2*i. What are the prime factors of d(1)?
2
Let m(i) = -i**3 - i**2 - i + 15. Let c be m(0). Let z = c - 10. List the prime factors of z.
5
Let x(p) = 5*p**2 - 2*p + 4. What are the prime factors of x(-3)?
5, 11
Let o = 54 + -21. Let m = o + -18. List the prime factors of m.
3, 5
What are the prime factors of 3 - ((-3 + 2)*-3 - 81)?
3
Let r(b) = 3*b - 9. Let j(c) = c - 1. Let h(s) = 4*j(s) - r(s). What are the prime factors of h(-3)?
2
Let n be 6/(2 + (-8)/5). Suppose 0 = 5*b + 3*t - 25, b + 2*t = -3*b + 18. Suppose -3*d = n, d = -b*s + 6*s - 29. What are the prime factors of s?
2, 3
Suppose 5*t = 2*c + 756, 5*t = -c + 620 + 127. What are the prime factors of t?
2, 3, 5
Let c(h) = h**3 + 10*h**2 + h + 4. Let u be c(-10). Let d(x) = x**2 + 5*x - 6. Let a be d(u). Suppose 4*t - t - 36 = a. What are the prime factors of t?
2, 3
Suppose -2 = -0*v - 2*v. Let b(g) = 23*g**2 - g + 1. What are the prime factors of b(v)?
23
Let i = -24 - -26. Suppose -69 = -0*k - i*k - 5*f, -2*f = 4*k - 130. List the prime factors of k.
2
Let a be 1 - (-30)/((-1)/(-1)). Let m = 14 - 36. Let i = m + a. What are the prime factors of i?
3
Let m = -102 - -204. Suppose 0 = 3*c + 2*a - 4*a - 158, 2*a = -2*c + m. List the prime factors of c.
2, 13
Suppose 28 = 5*a + 3, -4*b + 321 = 5*a. List the prime factors of b.
2, 37
Let q(f) = -f**3 + 5*f**2 - 9*f + 13. Let j(n) = -2*n**3 + 10*n**2 - 17*n + 25. Let c(s) = -6*j(s) + 11*q(s). What are the prime factors of c(5)?
2
Let m be 687/12 - 3/12. Suppose -o + v + 6 = -2, 5*o = 3*v + 34. Suppose o*g + 2*c - m = 0, -4*g + 4*c + 0*c + 40 = 0. List the prime factors of g.
11
Let x = 28 + -25. Suppose k - 120 = -x*k. List the prime factors of k.
2, 3, 5
Suppose -2*o = -4 - 2. Suppose 2*n - o*n = 6. What are the prime factors of 8/(-12) + (-76)/n?
2, 3
Let b(d) be the first derivative of -d**3/3 - 7*d**2/2 + 6*d - 2. Suppose 0 = 2*j - 2*g - 3*g - 1, -4*j - 31 = g. List the prime factors of b(j).
2, 3
Suppose -y + 3*g = -83, 3*y + 2*g + 2*g - 210 = 0. Suppose 0*v = 2*m - 3*v - y, 0 = -4*m + 5*v + 148. What are the prime factors of m?
37
Let u(j) be the second derivative of j**6/120 - j**5/40 + j**4/8 + j**3/6 + 2*j. Let x(g) be the second derivative of u(g). What are the prime factors of x(2)?
3
Let h(p) be the second derivative of p**3 + 3*p - 1/12*p**4 - 1/2*p**2 + 0. List the prime factors of h(3).
2
Let s = -1 - -2. Let z = s - -12. What are the prime factors of z?
13
Let w = 12 + 69. Suppose 6*z = 3*z + w. What are the prime factors of z?
3
Let j = 0 - 1. What are the prime factors of 0 + 1 + j/(-1)?
2
What are the prime factors of (17*1)/((-7)/(-7))?
17
Suppose -369 = -7*c + 527. List the prime factors of c.
2
Let z = 124 + -62. What are the prime factors of z?
2, 31
Suppose -5*a - 40 = -10*a. What are the prime factors of a?
2
Suppose m + 3*h = 7*h + 199, 5*m - 947 = 4*h. List the prime factors of m.
11, 17
Suppose -3*o - 2*o = -20, 2*a + 5*o = 32. List the prime factors of a.
2, 3
Suppose 17 = d + 4*s, 4*s = d + 7 - 0. Suppose d*x + 4*f = 3*f + 25, x - 2*f = -6. List the prime factors of x.
2
Let k = 5 - 4. Let n = k + -1. Suppose -3*i + 0 + 24 = n. List the prime factors of i.
2
Let j = 2 - -2. Suppose 0 = c - 2, 0*v = j*v + 4*c - 64. What are the prime factors of v?
2, 7
Suppose -2*x + 4*v - 2 + 6 = 0, -2*v = -5*x + 18. What are the prime factors of x?
2
Suppose -j + 3*x + 96 = 0, -5*j - 3*x = -225 - 183. List the prime factors of j.
2, 3, 7
Suppose -3*z = -m - 3*m - 146, -3*z - 5*m = -155. What are the prime factors of z?
2, 5
Let d(v) = -7*v - 8. Let w(q) = -8*q - 8. Let j(l) = -5*d(l) + 4*w(l). List the prime factors of j(9).
5, 7
Let u be ((-1)/(-1) - 2) + 1. Let w be ((-24)/1)/(-3) + -3. Suppose -5*y + 2*i + 41 = u, 3*y + 0*i - 17 = w*i. List the prime factors of y.
3
Let i(k) = k**2 - k + 11. Let j be i(0). Suppose 3*h - j = -2. What are the prime factors of h?
3
What are the prime factors of ((-246)/(-9))/(6/9)?
41
Suppose -2*d + 3*d - w - 8 = 0, 4*d + 4*w = 32. Let m(o) = -o**2 + 13*o - 12. Let c(v) = -v + 1. Let b(f) = 3*c(f) + m(f). What are the prime factors of b(d)?
7
Let l(k) = -2 - 8*k - k**2 + 6 - 1. What are the prime factors of l(-7)?
2, 5
Suppose 0 = -2*r + 4*r - 76. What are the prime factors of r?
2, 19
Suppose -76 = -5*j + 19. What are the prime factors of j?
19
Let r = 4 + -2. Suppose r*n + 2*p = 52, n = 2*n - p - 36. What are the prime factors of n?
31
Let s(i) = -i**2 + 5*i + 7. Let j be s(6). Let a be (-2 - (1 - j))*-14. Suppose 5*d = 2 + a. List the prime factors of d.
2, 3
Let v = 577 + -145. What are the prime factors of 4/22 - v/(-44)?
2, 5
Let r be ((-20)/(-6))/(3/(-18)). Let d = 21 - r. List the prime factors of d.
41
Suppose -2*q - 4*t = -8, -5 = -3*t + 1. List the prime factors of 6/5*(q + 5).
2, 3
Let s = 2 + -2. Suppose 5*d - 100 = -4*f - f, s = f - 4*d. Let y = 23 - f. List the prime factors of y.
7
Let w = -22 - -16. Let m(s) be the third derivative of -s**4/12 - 5*s**3/6 + 2*s**2. What are the prime factors of m(w)?
7
Let u = -19 + 44. What are t